f 8572?
5
What is the units digit of 14374?
4
What is the tens digit of 1446?
4
What is the tens digit of 105057?
5
What is the tens digit of 7138?
3
What is the tens digit of 17460?
6
What is the hundreds digit of 14635?
6
What is the thousands digit of 4368?
4
What is the hundreds digit of 6190?
1
What is the tens digit of 733?
3
What is the tens digit of 1253?
5
What is the hundreds digit of 3640?
6
What is the hundreds digit of 59458?
4
What is the tens digit of 3770?
7
What is the units digit of 3190?
0
What is the hundreds digit of 69878?
8
What is the hundreds digit of 8795?
7
What is the units digit of 716?
6
What is the thousands digit of 38388?
8
What is the hundreds digit of 1819?
8
What is the hundreds digit of 315?
3
What is the hundreds digit of 3391?
3
What is the units digit of 1171?
1
What is the units digit of 90680?
0
What is the units digit of 4653?
3
What is the tens digit of 1776?
7
What is the units digit of 1963?
3
What is the tens digit of 42234?
3
What is the units digit of 2357?
7
What is the units digit of 1982?
2
What is the ten thousands digit of 29012?
2
What is the tens digit of 32045?
4
What is the hundreds digit of 1026?
0
What is the tens digit of 3397?
9
What is the hundred thousands digit of 102023?
1
What is the thousands digit of 15450?
5
What is the hundreds digit of 743?
7
What is the units digit of 6999?
9
What is the thousands digit of 89671?
9
What is the tens digit of 54?
5
What is the tens digit of 1153?
5
What is the units digit of 1406?
6
What is the hundreds digit of 2588?
5
What is the units digit of 3204?
4
What is the hundred thousands digit of 102494?
1
What is the thousands digit of 77076?
7
What is the thousands digit of 4165?
4
What is the hundreds digit of 6898?
8
What is the tens digit of 2339?
3
What is the tens digit of 175?
7
What is the ten thousands digit of 31625?
3
What is the tens digit of 7072?
7
What is the units digit of 5987?
7
What is the units digit of 9269?
9
What is the thousands digit of 9434?
9
What is the tens digit of 46?
4
What is the tens digit of 11110?
1
What is the tens digit of 5355?
5
What is the thousands digit of 8584?
8
What is the tens digit of 806?
0
What is the units digit of 23553?
3
What is the units digit of 14159?
9
What is the hundreds digit of 1485?
4
What is the ten thousands digit of 13133?
1
What is the tens digit of 1348?
4
What is the thousands digit of 11609?
1
What is the units digit of 710?
0
What is the hundred thousands digit of 127599?
1
What is the units digit of 1753?
3
What is the ten thousands digit of 19300?
1
What is the thousands digit of 9476?
9
What is the tens digit of 1287?
8
What is the thousands digit of 60653?
0
What is the tens digit of 1065?
6
What is the units digit of 24316?
6
What is the ten thousands digit of 60330?
6
What is the hundreds digit of 1608?
6
What is the thousands digit of 1855?
1
What is the tens digit of 1636?
3
What is the hundreds digit of 7260?
2
What is the hundreds digit of 1050?
0
What is the tens digit of 19694?
9
What is the tens digit of 24613?
1
What is the ten thousands digit of 11744?
1
What is the thousands digit of 12509?
2
What is the ten thousands digit of 29241?
2
What is the hundreds digit of 83023?
0
What is the thousands digit of 39843?
9
What is the ten thousands digit of 29894?
2
What is the hundreds digit of 486?
4
What is the tens digit of 75061?
6
What is the thousands digit of 57730?
7
What is the hundreds digit of 605?
6
What is the thousands digit of 1055?
1
What is the hundreds digit of 499?
4
What is the tens digit of 9407?
0
What is the thousands digit of 4143?
4
What is the thousands digit of 2676?
2
What is the tens digit of 983?
8
What is the tens digit of 24469?
6
What is the hundreds digit of 279?
2
What is the tens digit of 2173?
7
What is the hundreds digit of 9645?
6
What is the tens digit of 2625?
2
What is the thousands digit of 72257?
2
What is the tens digit of 654?
5
What is the thousands digit of 1101?
1
What is the units digit of 5012?
2
What is the hundreds digit of 220?
2
What is the units digit of 332?
2
What is the units digit of 505?
5
What is the units digit of 35351?
1
What is the hundreds digit of 1373?
3
What is the hundreds digit of 18917?
9
What is the hundreds digit of 9473?
4
What is the units digit of 4363?
3
What is the hundreds digit of 3513?
5
What is the hundreds digit of 130336?
3
What is the units digit of 2?
2
What is the hundreds digit of 4370?
3
What is the units digit of 14173?
3
What is the hundreds digit of 1625?
6
What is the hundreds digit of 1299?
2
What is the units digit of 23761?
1
What is the hundreds digit of 821?
8
What is the hundreds digit of 22178?
1
What is the thousands digit of 19959?
9
What is the units digit of 412?
2
What is the units digit of 12175?
5
What is the ten thousands digit of 42896?
4
What is the hundreds digit of 7717?
7
What is the hundreds digit of 55983?
9
What is the tens digit of 1014?
1
What is the thousands digit of 24232?
4
What is the tens digit of 245?
4
What is the tens digit of 67265?
6
What is the units digit of 986?
6
What is the thousands digit of 1127?
1
What is the hundreds digit of 6958?
9
What is the units digit of 1787?
7
What is the thousands digit of 32586?
2
What is the units digit of 9551?
1
What is the hundreds digit of 2764?
7
What is the tens digit of 6952?
5
What is the hundreds digit of 19006?
0
What is the thousands digit of 5860?
5
What is the ten thousands digit of 124307?
2
What is the thousands digit of 1172?
1
What is the tens digit of 1017?
1
What is the hundreds digit of 2218?
2
What is the tens digit of 1452?
5
What is the hundreds digit of 1975?
9
What is the hundreds digit of 22189?
1
What is the thousands digit of 152566?
2
What is the ten thousands digit of 15223?
1
What is the thousands digit of 4449?
4
What is the hundreds digit of 1777?
7
What is the hundreds digit of 80405?
4
What is the ten thousands digit of 81219?
8
What is the hundreds digit of 223?
2
What is the tens digit of 846?
4
What is the units digit of 1288?
8
What is the units digit of 1458?
8
What is the thousands digit of 11683?
1
What is the units digit of 114750?
0
What is the hundreds digit of 799?
7
What is the hundreds digit of 27490?
4
What is the tens digit of 6943?
4
What is the hundreds digit of 66876?
8
What is the hundreds digit of 12048?
0
What is the hundreds digit of 22696?
6
What is the units digit of 23759?
9
What is the hundreds digit of 24094?
0
What is the thousands digit of 1193?
1
What is the hundreds digit of 4060?
0
What is the tens digit of 379?
7
What is the hundreds digit of 7194?
1
What is the hundreds digit of 2748?
7
What is the hundreds digit of 9159?
1
What is the hundreds digit of 1829?
8
What is the hundreds digit of 5589?
5
What is the hundreds digit of 901?
9
What is the units digit of 18456?
6
What is the tens digit of 148?
4
What is the hundred thousands digit of 109854?
1
What is the tens digit of 861?
6
What is the tens digit of 17841?
4
What is the units digit of 6025?
5
What is the units digit of 8824?
4
What is the tens digit of 1073?
7
What is the hundreds digit of 78539?
5
What is the thousands digit of 116350?
6
What is the hundreds digit of 4978?
9
What is the tens digit of 2590?
9
What is the units digit of 9159?
9
What is the thousands digit of 22475?
2
What is the tens digit of 127533?
3
What is the hundreds digit of 1060?
0
What is the hundreds digit of 546?
5
What is the tens digit of 419?
1
What is the tens digit of 775?
7
What is the ten thousands digit of 11352?
1
What is the units digit of 687?
7
What is the hundreds digit of 8763?
7
What is the units digit of 14294?
4
What is the ten thousands digit of 136084?
3
What is the units digit of 2636?
6
What is the units digit of 125322?
2
What is the units digit of 1672?
2
What is the tens digit of 3720?
2
What is the units digit of 87317?
7
What is the units digit of 492?
2
What is the hundreds digit of 5669?
6
What is the units digit of 374?
4
What is the hundreds digit of 245?
2
What is the tens digit of 6666?
6
What is the hundreds digit of 9038?
0
What is the ten thousands digit of 16702?
1
What is the ten thousands digit of 68655?
6
What is the units digit of 1095?
5
What is the hund